 c.
64
Suppose 2370 = -59*l + 54*l. Calculate the remainder when l/(-9) - (-3)/9 is divided by 14.
11
Let m = -3 - -11. Calculate the remainder when m is divided by 45/18*(4 + 1 + -3).
3
Let x = -9 + 11. Let u be x - (-8 - (-4)/(-4)). Suppose 3*a - 1 = u. Calculate the remainder when 14 is divided by a.
2
Let w(f) = -15*f - 59. Let m(k) = -k**2 - 7*k + 2. Let a be m(-7). Suppose -5*z = -a - 3. What is the remainder when z is divided by w(-4)?
0
Calculate the remainder when 45 is divided by (-116)/(-14) - 36/126.
5
Suppose 0 = 2*y + 3*f - 2 - 125, y - 51 = f. What is the remainder when 783 is divided by y?
55
Suppose 2*r - 3*r + 3*l = 2, 31 = 2*r + l. Suppose 3 = -5*y + r. What is the remainder when 11 is divided by y?
1
Let o be ((-1683)/39 - -1) + 2/13. Let z = 54 + o. Calculate the remainder when 22 is divided by z.
10
Suppose 0 = -3*x - 3*n + 18, 0 = 4*x - 0*x - 4*n. Suppose -6*z = -x*z - 75. What is the remainder when z is divided by 9?
7
Let j be 2/2 + (-726)/(-6)*-1. Let o = j - -177. Calculate the remainder when o is divided by 20.
17
Let s(u) = u**2 - 26*u + 165. Calculate the remainder when 43 is divided by s(16).
3
Let y(a) = -2*a**2 + 31*a + 19. Suppose u + 2*u - 21 = -r, 3*r + 5*u - 55 = 0. Calculate the remainder when y(r) is divided by 4.
2
Let w(g) = -2*g**2 - 20*g - 29. Suppose -2*d = 2*u - 30, 4*d - 4*u = 31 + 5. Calculate the remainder when w(-4) is divided by d.
7
Let q = -145 + 188. Suppose r - 34 = -3*l + 8*l, 4*r - l - 41 = 0. What is the remainder when q is divided by r?
7
Let p = 15 + -12. Let y be p/6 - (-3)/(-6). Suppose y = 4*a + 3*b - 117, a + 7 - 32 = -5*b. Calculate the remainder when a is divided by 11.
8
Suppose 2*j = -5*t + 127 + 209, 2 = -j. What is the remainder when 349 is divided by t?
9
Suppose 3*b = 3*t + 2*b + 4, 2*b - 8 = 0. Suppose t*f - 2*f = -2*c - 252, 0 = 3*f + 3*c - 372. What is the remainder when f is divided by 32?
29
Suppose -5*y + 38 + 197 = 0. Let r = -41 + y. What is the remainder when r is divided by 2?
0
Let i(p) = -p + 7. Let d = -1746 - -1786. Calculate the remainder when d is divided by i(0).
5
Let t(d) = -d**3 - 10*d**2 - 9*d + 13. Suppose -4*h = -3*h + 9. What is the remainder when 114 is divided by t(h)?
10
Suppose 0 = 5*k - 2*t - 158, -3*k = 28*t - 31*t - 102. Calculate the remainder when k is divided by 4.
2
Let x(g) be the third derivative of -g**6/120 - 11*g**5/60 + g**4/3 + g**3 + 4*g**2. Calculate the remainder when x(-12) is divided by 8.
6
Let x be (2 - 0 - 1)*32. Let b = x + 3. Let j(p) = p**3 + 6*p**2 - 7*p + 9. What is the remainder when b is divided by j(-7)?
8
Let y = 515 + -836. Let k = -211 - y. Calculate the remainder when k is divided by 57.
53
Suppose 4*k + x - 1009 = 0, -3*x + 4*x = -3*k + 757. Calculate the remainder when k is divided by 51.
48
Let z(o) = 0*o + 3*o - 61*o**2 - 2 + 87*o**2. Calculate the remainder when z(1) is divided by 7.
6
Let u = 370 - 314. Calculate the remainder when 152 is divided by u.
40
Let r = -51 + 92. What is the remainder when r is divided by (-120)/(-48)*-21*4/(-15)?
13
Let i(g) = 4*g**2 - 35*g - 6. Let l be i(9). What is the remainder when (-4 - (l + -34)) + -5 is divided by 7?
1
Let u(n) = 28 - 28*n + 12*n + 14 + 7*n**2. Calculate the remainder when u(6) is divided by 40.
38
Let b be ((-4)/(-7))/((-2)/(-7)). What is the remainder when (-12 + b)*3/(-6) is divided by 2*5/2*32/40?
1
Suppose -2*c - 3*j + 133 = -8*j, -2*j + 206 = 4*c. Let i(h) = 4*h**2 + 1 + 2*h - 6*h - 3*h - 5*h**2. What is the remainder when c is divided by i(-5)?
10
Let b = -117 - -226. Let n = -117 + 57. Let a = -44 - n. What is the remainder when b is divided by a?
13
Suppose -35 = -4*s + 29. Let l be (1620/126)/((-3)/(-70)). Suppose -9*o = o - l. What is the remainder when o is divided by s?
14
Let t(i) = -21*i - 41. What is the remainder when 573 is divided by t(-5)?
61
Let l = -52 + 64. What is the remainder when 1/(2/27)*l is divided by 33?
30
Let w = -9678 + 9698. Suppose -5*m = -554 + 64. Calculate the remainder when m is divided by w.
18
Suppose 902 = 50*r - 39*r. Calculate the remainder when r is divided by 80.
2
Suppose -31*t + 42*t - 99 = 0. Calculate the remainder when 16 is divided by t.
7
Let k be 200 - (-3 - -2 - (-4)/4). What is the remainder when (k/(-12))/(1/3*-1) is divided by 18?
14
Let l(g) = 2*g**2. Let v be l(1). Suppose 0 = d + 3*j - 9, v*d = 4*d - 2*j - 26. Calculate the remainder when 35 is divided by d.
11
Let m(y) = 2*y + 48. Calculate the remainder when 77 is divided by m(-4).
37
Suppose -14*t + 19*t = 375. Calculate the remainder when t is divided by 19.
18
Suppose -367*q - 2590 = -374*q. Calculate the remainder when q is divided by 53.
52
Suppose 62 + 6 = -2*p + l, -3*l - 12 = 0. Let h = p + 45. Calculate the remainder when 62 is divided by h.
8
Calculate the remainder when 10/(-55) + (-3590)/(-22) is divided by 19.
11
Suppose 16 = q + 3*l - 11, -2*l - 70 = -3*q. Let j = -56 + 59. Suppose -150 = -j*o + 135. What is the remainder when o is divided by q?
23
Let h(s) = s**3 - 8*s**2 + 8*s + 14. Let b be h(8). Suppose 3*f + 104 = 4*c, -3*c - 4*f + f = -b. What is the remainder when 74 is divided by c?
22
Suppose -39*h + 4153 = -6884. Calculate the remainder when h is divided by 14.
3
Let b = 600 + -518. Calculate the remainder when b is divided by 12.
10
Let j = 11 + -5. Let g(x) = -x**3 + 17*x**2 + x. Calculate the remainder when g(17) is divided by j.
5
Let k = 165 + 172. Suppose 29 + k = 3*t. Calculate the remainder when t is divided by 32.
26
Let r be 2 - 4/8*-2. Let v(t) = -6 + 0*t - t**3 + t + 3 + 2*t**r - 6*t**2. Calculate the remainder when 7 is divided by v(6).
1
Suppose -8*k = -10*k - 3*x + 199, 5*k - 460 = 5*x. What is the remainder when k is divided by 7?
4
Suppose -3*v + 40 = -v. Suppose 0 = 4*d - 2*y - 26, 4*d + 3*y + 27 = 7*d. Let m(c) = 18*c - 14. Calculate the remainder when m(d) is divided by v.
18
Let p(u) = -26*u - 37. Calculate the remainder when 58 is divided by p(-2).
13
Let o = 132 - 123. Suppose 0 = -2*i - i + 18. Calculate the remainder when o is divided by i.
3
Let u(b) = 2*b**2 + 38*b + 40. Calculate the remainder when u(-21) is divided by 32.
28
Suppose -56 = -q + m, -3*q - 159*m + 161*m + 163 = 0. What is the remainder when q is divided by 25?
1
Let j = 117 - 115. Suppose -2*u + 6*g - j*g = -8, -20 = -3*u + 4*g. Calculate the remainder when 71 is divided by u.
11
Suppose 0 = 5*c - c - 140. Let s(t) = -2*t - 4. Let x be s(-2). Let u = 6 - x. Calculate the remainder when c is divided by u.
5
Calculate the remainder when 30/5 - -177 - (-3 - -3) is divided by 63.
57
Suppose -2*p + 147 = 3*z, 185 - 615 = -5*p + 5*z. Let c = p + -46. Calculate the remainder when c is divided by 19.
16
Let t = 9 - 5. Let x(r) = -2 + 13*r - r**2 - t*r + 1 - 5. What is the remainder when x(6) is divided by 5?
2
Suppose -4*f + 296 = 32. Calculate the remainder when f is divided by 25.
16
Let a = -641 - -315. Suppose 470 = 21*z + 92. What is the remainder when a/(-10) + 10/25 is divided by z?
15
Let t(x) = -5*x + 93. Suppose -507 = -2*g - g. Calculate the remainder when g is divided by t(10).
40
Calculate the remainder when 38/(-133) + (-814)/(-7) is divided by 7.
4
What is the remainder when 40 is divided by 21/(9/(9/1))?
19
Suppose 11 = -x + 2*h, -2*h = -5*x - 43 - 4. Let u = x + -12. Let r = -9 - u. What is the remainder when r is divided by 5?
2
Let f(g) = g**2 - 6*g - 10. Let z(n) = 2*n**2 + 3*n. Let s be z(-3). Let t be f(s). Let c = 50 + t. Calculate the remainder when c is divided by 17.
16
Suppose 0 = -5*n + 12 + 58. Let x = 230 + -120. Calculate the remainder when x is divided by n.
12
Suppose -5*u - 10 = 0, -3*u = -3*p - p + 254. Let d = 404 + -382. Calculate the remainder when p is divided by d.
18
Let d = -1 - -28. Let m be 10/(-8) + d/(-36). Let k(s) = -17*s + 4. What is the remainder when k(m) is divided by 14?
10
Suppose 3*j + 122 = -2*q + 323, 0 = 2*j - q - 141. What is the remainder when 411 is divided by j?
66
Let q = -14 - -20. Suppose -u + 3 = -q. Calculate the remainder when 126/(-9) - -7 - -42 is divided by u.
8
Let t(j) = 17*j - 5. What is the remainder when t(4) is divided by (3*-1 + -13 + 5)*-1?
8
Let j = -8 + 26. Let g = -17 + j. Suppose 5 = 2*x - g. Calculate the remainder when 7 is divided by x.
1
Let x 